{"id":77,"date":"2022-08-16T11:14:16","date_gmt":"2022-08-16T11:14:16","guid":{"rendered":"https:\/\/lesne-zacisze.com\/?page_id=77"},"modified":"2022-08-17T10:25:29","modified_gmt":"2022-08-17T10:25:29","slug":"about","status":"publish","type":"page","link":"https:\/\/lesne-zacisze.com\/?page_id=77","title":{"rendered":"Le\u015bne Zacisze &#8211; rodzinny dom seniora &#8211; O nas"},"content":{"rendered":"\t\t<div data-elementor-type=\"wp-post\" data-elementor-id=\"77\" class=\"elementor elementor-77\">\n\t\t\t\t\t\t<section class=\"elementor-section elementor-top-section elementor-element elementor-element-7f7cf58 elementor-section-boxed elementor-section-height-default elementor-section-height-default\" data-id=\"7f7cf58\" data-element_type=\"section\">\n\t\t\t\t\t\t<div class=\"elementor-container elementor-column-gap-default\">\n\t\t\t\t\t<div class=\"aux-parallax-section elementor-column elementor-col-100 elementor-top-column elementor-element elementor-element-69b2c13\" data-id=\"69b2c13\" data-element_type=\"column\">\n\t\t\t<div class=\"elementor-widget-wrap elementor-element-populated\">\n\t\t\t\t\t\t<div class=\"elementor-element elementor-element-7dbcae4 elementor-widget elementor-widget-image\" data-id=\"7dbcae4\" data-element_type=\"widget\" data-widget_type=\"image.default\">\n\t\t\t\t<div class=\"elementor-widget-container\">\n\t\t\t\t\t\t\t\t\t\t\t\t\t<img decoding=\"async\" src=\"https:\/\/lesne-zacisze.com\/wp-content\/uploads\/elementor\/thumbs\/DSC01827-psyxc84xmrpuzrw4jy8wvfmzlk9nmcx4jl4ikli25s.jpg\" title=\"DSC01827\" alt=\"DSC01827\" loading=\"lazy\" \/>\t\t\t\t\t\t\t\t\t\t\t\t\t<\/div>\n\t\t\t\t<\/div>\n\t\t\t\t\t<\/div>\n\t\t<\/div>\n\t\t\t\t\t<\/div>\n\t\t<\/section>\n\t\t\t\t<section class=\"elementor-section elementor-top-section elementor-element elementor-element-d15b1d2 elementor-section-boxed elementor-section-height-default elementor-section-height-default\" data-id=\"d15b1d2\" data-element_type=\"section\">\n\t\t\t\t\t\t<div class=\"elementor-container elementor-column-gap-no\">\n\t\t\t\t\t<div class=\"aux-parallax-section elementor-column elementor-col-100 elementor-top-column elementor-element elementor-element-a428cb2\" data-id=\"a428cb2\" data-element_type=\"column\">\n\t\t\t<div class=\"elementor-widget-wrap elementor-element-populated\">\n\t\t\t\t\t\t<div class=\"elementor-element elementor-element-96bc601 aux-appear-watch-animation aux-fade-in-up elementor-widget elementor-widget-aux_modern_heading\" data-id=\"96bc601\" data-element_type=\"widget\" data-widget_type=\"aux_modern_heading.default\">\n\t\t\t\t<div class=\"elementor-widget-container\">\n\t\t\t<section class=\"aux-widget-modern-heading\">\n            <div class=\"aux-widget-inner\"><h2 class=\"aux-modern-heading-primary\">Le\u015bne Zacisze to nasz wsp\u00f3lny Dom.\n\n<\/h2><div class=\"aux-modern-heading-description\"><p><strong>Le\u015bne Zacisze to nie tylko rodzinny dom seniora ale tak\u017ce zrealizowane marzenie o miejscu, w kt\u00f3rym osoby starsze czu\u0142yby si\u0119 jak u siebie!<\/strong><\/p><p>Znajduje si\u0119 on na terenie Mazowieckiego Parku Krajobrazowego. <strong>Otoczony lasem, w oazie ciszy z korzystnym dla zdrowia mikroklimatem<\/strong> wspaniale wp\u0142ywa na zdrowie i samopoczucie ka\u017cdego \u2013 zw\u0142aszcza naszych bab\u0107 i dziadk\u00f3w.<\/p><p><strong>O\u015brodek powsta\u0142 w 2012 r. i projektowany by\u0142 z my\u015bl\u0105 o osobach starszych. <\/strong>Od pocz\u0105tku kierowali\u015bmy si\u0119 potrzebami i oczekiwaniami naszych go\u015bci. Jest to miejsce kompletne \u2013 z udogodnieniami dla os\u00f3b niepe\u0142nosprawnych, przestronnymi pokojami, pomieszczeniami integracyjnymi, animacyjnymi \u2013 kt\u00f3re sprosta wszelkim wymaganiom naszych pensjonariuszy.<\/p><p><strong>Chcemy, aby w naszym domu opieki panowa\u0142a rodzinna atmosfera, a nasi pensjonariusze czuli si\u0119 u nas jak w domu. <\/strong><\/p><\/div><\/div>\n        <\/section>\t\t<\/div>\n\t\t\t\t<\/div>\n\t\t\t\t\t<\/div>\n\t\t<\/div>\n\t\t\t\t\t<\/div>\n\t\t<\/section>\n\t\t\t\t<\/div>\n\t\t","protected":false},"excerpt":{"rendered":"<p>Le\u015bne Zacisze to nasz wsp\u00f3lny Dom. Le\u015bne Zacisze to nie tylko rodzinny dom seniora ale tak\u017ce zrealizowane marzenie o miejscu, w kt\u00f3rym osoby starsze czu\u0142yby si\u0119 jak u siebie! Znajduje si\u0119 on na terenie Mazowieckiego Parku Krajobrazowego. Otoczony lasem, w oazie ciszy z korzystnym dla zdrowia mikroklimatem wspaniale wp\u0142ywa na zdrowie i samopoczucie ka\u017cdego \u2013 [&hellip;]<\/p>\n","protected":false},"author":1,"featured_media":275,"parent":0,"menu_order":0,"comment_status":"closed","ping_status":"closed","template":"templates\/page-builder-content.php","meta":{"_monsterinsights_skip_tracking":false,"_monsterinsights_sitenote_active":false,"_monsterinsights_sitenote_note":"","_monsterinsights_sitenote_category":0,"footnotes":""},"aioseo_notices":[],"_links":{"self":[{"href":"https:\/\/lesne-zacisze.com\/index.php?rest_route=\/wp\/v2\/pages\/77"}],"collection":[{"href":"https:\/\/lesne-zacisze.com\/index.php?rest_route=\/wp\/v2\/pages"}],"about":[{"href":"https:\/\/lesne-zacisze.com\/index.php?rest_route=\/wp\/v2\/types\/page"}],"author":[{"embeddable":true,"href":"https:\/\/lesne-zacisze.com\/index.php?rest_route=\/wp\/v2\/users\/1"}],"replies":[{"embeddable":true,"href":"https:\/\/lesne-zacisze.com\/index.php?rest_route=%2Fwp%2Fv2%2Fcomments&post=77"}],"version-history":[{"count":27,"href":"https:\/\/lesne-zacisze.com\/index.php?rest_route=\/wp\/v2\/pages\/77\/revisions"}],"predecessor-version":[{"id":415,"href":"https:\/\/lesne-zacisze.com\/index.php?rest_route=\/wp\/v2\/pages\/77\/revisions\/415"}],"wp:featuredmedia":[{"embeddable":true,"href":"https:\/\/lesne-zacisze.com\/index.php?rest_route=\/wp\/v2\/media\/275"}],"wp:attachment":[{"href":"https:\/\/lesne-zacisze.com\/index.php?rest_route=%2Fwp%2Fv2%2Fmedia&parent=77"}],"curies":[{"name":"wp","href":"https:\/\/api.w.org\/{rel}","templated":true}]}}

Leśne Zacisze &#8211; rodzinny dom seniora &#8211; O nas

<div data-elementor-type="wp-post" data-elementor-id="77" class="elementor elementor-77">
						<section class="elementor-section elementor-top-section elementor-element elementor-element-7f7cf58 elementor-section-boxed elementor-section-height-default elementor-section-height-default" data-id="7f7cf58" data-element_type="section">
						<div class="elementor-container elementor-column-gap-default">
					<div class="aux-parallax-section elementor-column elementor-col-100 elementor-top-column elementor-element elementor-element-69b2c13" data-id="69b2c13" data-element_type="column">
			<div class="elementor-widget-wrap elementor-element-populated">
						<div class="elementor-element elementor-element-7dbcae4 elementor-widget elementor-widget-image" data-id="7dbcae4" data-element_type="widget" data-widget_type="image.default">
				<div class="elementor-widget-container">
													<img decoding="async" src="https://lesne-zacisze.com/wp-content/uploads/elementor/thumbs/DSC01827-psyxc84xmrpuzrw4jy8wvfmzlk9nmcx4jl4ikli25s.jpg" title="DSC01827" alt="DSC01827" loading="lazy" />													</div>
				</div>
					</div>
		</div>
					</div>
		</section>
				<section class="elementor-section elementor-top-section elementor-element elementor-element-d15b1d2 elementor-section-boxed elementor-section-height-default elementor-section-height-default" data-id="d15b1d2" data-element_type="section">
						<div class="elementor-container elementor-column-gap-no">
					<div class="aux-parallax-section elementor-column elementor-col-100 elementor-top-column elementor-element elementor-element-a428cb2" data-id="a428cb2" data-element_type="column">
			<div class="elementor-widget-wrap elementor-element-populated">
						<div class="elementor-element elementor-element-96bc601 aux-appear-watch-animation aux-fade-in-up elementor-widget elementor-widget-aux_modern_heading" data-id="96bc601" data-element_type="widget" data-widget_type="aux_modern_heading.default">
				<div class="elementor-widget-container">
			<section class="aux-widget-modern-heading">
            <div class="aux-widget-inner"><h2 class="aux-modern-heading-primary">Leśne Zacisze to nasz wspólny Dom.

</h2><div class="aux-modern-heading-description"><p><strong>Leśne Zacisze to nie tylko rodzinny dom seniora ale także zrealizowane marzenie o miejscu, w którym osoby starsze czułyby się jak u siebie!</strong></p><p>Znajduje się on na terenie Mazowieckiego Parku Krajobrazowego. <strong>Otoczony lasem, w oazie ciszy z korzystnym dla zdrowia mikroklimatem</strong> wspaniale wpływa na zdrowie i samopoczucie każdego – zwłaszcza naszych babć i dziadków.</p><p><strong>Ośrodek powstał w 2012 r. i projektowany był z myślą o osobach starszych. </strong>Od początku kierowaliśmy się potrzebami i oczekiwaniami naszych gości. Jest to miejsce kompletne – z udogodnieniami dla osób niepełnosprawnych, przestronnymi pokojami, pomieszczeniami integracyjnymi, animacyjnymi – które sprosta wszelkim wymaganiom naszych pensjonariuszy.</p><p><strong>Chcemy, aby w naszym domu opieki panowała rodzinna atmosfera, a nasi pensjonariusze czuli się u nas jak w domu. </strong></p></div></div>
        </section>		</div>
				</div>
					</div>
		</div>
					</div>
		</section>
				</div>

<p>Leśne Zacisze to nasz wspólny Dom. Leśne Zacisze to nie tylko rodzinny dom seniora ale także zrealizowane marzenie o miejscu, w którym osoby starsze czułyby się jak u siebie! Znajduje się on na terenie Mazowieckiego Parku Krajobrazowego. Otoczony lasem, w oazie ciszy z korzystnym dla zdrowia mikroklimatem wspaniale wpływa na zdrowie i samopoczucie każdego – [&hellip;]</p>
